mainder when 1689892 is divided by 18368.
36
Calculate the remainder when 2474634 is divided by 421.
417
Calculate the remainder when 400547 is divided by 133115.
1202
Calculate the remainder when 142595919 is divided by 10185422.
11
What is the remainder when 240604 is divided by 40091?
58
What is the remainder when 1229177 is divided by 16?
9
Calculate the remainder when 2929339 is divided by 98.
21
What is the remainder when 673314 is divided by 408?
114
What is the remainder when 246183 is divided by 4181?
3685
Calculate the remainder when 16995328 is divided by 1172.
156
What is the remainder when 557325 is divided by 885?
660
Calculate the remainder when 834605 is divided by 178.
141
Calculate the remainder when 418256 is divided by 2868.
2396
What is the remainder when 808005 is divided by 78?
3
What is the remainder when 4288848 is divided by 155?
153
What is the remainder when 782727 is divided by 122?
97
What is the remainder when 3906044 is divided by 241?
157
What is the remainder when 40297848 is divided by 26?
6
What is the remainder when 1293274 is divided by 180?
154
Calculate the remainder when 3564777 is divided by 590.
587
What is the remainder when 94641571 is divided by 152?
139
Calculate the remainder when 43197027 is divided by 12.
3
What is the remainder when 9180 is divided by 116?
16
What is the remainder when 1224782 is divided by 1224446?
336
Calculate the remainder when 3977189 is divided by 3154.
3149
Calculate the remainder when 3114424 is divided by 1816.
1800
What is the remainder when 6834739 is divided by 188?
187
Calculate the remainder when 238860 is divided by 10740.
2580
Calculate the remainder when 17275301 is divided by 594.
593
Calculate the remainder when 245687 is divided by 9400.
1287
Calculate the remainder when 6539286 is divided by 653925.
36
Calculate the remainder when 2069273654 is divided by 8.
6
Calculate the remainder when 4622706 is divided by 123.
120
Calculate the remainder when 1850758 is divided by 526.
290
Calculate the remainder when 111474 is divided by 58.
56
Calculate the remainder when 46844 is divided by 541.
318
Calculate the remainder when 5314974 is divided by 145.
144
Calculate the remainder when 2182973 is divided by 6696.
77
Calculate the remainder when 3159237 is divided by 1204.
1145
Calculate the remainder when 259033 is divided by 86340.
13
What is the remainder when 11851981 is divided by 69?
58
Calculate the remainder when 181924 is divided by 45387.
376
What is the remainder when 232357773 is divided by 24?
21
What is the remainder when 701077 is divided by 1710?
1687
What is the remainder when 7095231 is divided by 55?
11
Calculate the remainder when 215340 is divided by 3845.
20
Calculate the remainder when 97098736 is divided by 380.
376
What is the remainder when 78601 is divided by 5566?
677
Calculate the remainder when 670379 is divided by 1176.
59
What is the remainder when 876836 is divided by 46149?
5
What is the remainder when 58078 is divided by 2433?
2119
Calculate the remainder when 17909043 is divided by 48.
3
Calculate the remainder when 859887 is divided by 155.
102
Calculate the remainder when 1288019 is divided by 177.
167
Calculate the remainder when 264270002 is divided by 117.
113
Calculate the remainder when 80446349 is divided by 28.
25
Calculate the remainder when 16315339 is divided by 233.
213
Calculate the remainder when 411045 is divided by 136893.
366
What is the remainder when 22612 is divided by 6726?
2434
Calculate the remainder when 837805 is divided by 4528.
125
What is the remainder when 974901 is divided by 139270?
11
Calculate the remainder when 2652056 is divided by 35.
1
Calculate the remainder when 6275477 is divided by 100.
77
What is the remainder when 5817625 is divided by 15?
10
Calculate the remainder when 2382055 is divided by 458.
455
Calculate the remainder when 22403 is divided by 596.
351
What is the remainder when 975957 is divided by 262?
7
What is the remainder when 8233891 is divided by 39?
16
What is the remainder when 14181176 is divided by 2025862?
142
What is the remainder when 337735 is divided by 1177?
1113
Calculate the remainder when 58802 is divided by 7506.
6260
Calculate the remainder when 9112187 is divided by 600.
587
What is the remainder when 15467357 is divided by 34?
9
What is the remainder when 59113 is divided by 979?
373
What is the remainder when 74894 is divided by 1955?
604
What is the remainder when 3225578 is divided by 862?
836
Calculate the remainder when 3812586 is divided by 82.
78
What is the remainder when 11812629 is divided by 42339?
48
What is the remainder when 14666267 is divided by 2878?
2857
What is the remainder when 3303849 is divided by 82596?
9
Calculate the remainder when 10624239 is divided by 134484.
3
Calculate the remainder when 112622 is divided by 18547.
1340
Calculate the remainder when 1519742 is divided by 6.
2
What is the remainder when 323320 is divided by 19012?
116
Calculate the remainder when 231280914 is divided by 2964.
2958
What is the remainder when 2110893 is divided by 22?
15
Calculate the remainder when 447981 is divided by 1725.
1206
What is the remainder when 58585 is divided by 19255?
820
Calculate the remainder when 343977 is divided by 677.
61
What is the remainder when 318712 is divided by 64?
56
What is the remainder when 1475488 is divided by 245905?
58
What is the remainder when 10607110 is divided by 5303555?
0
What is the remainder when 21425 is divided by 988?
677
Calculate the remainder when 3252168 is divided by 101628.
72
What is the remainder when 28984470 is divided by 10586?
2
What is the remainder when 386284 is divided by 503?
483
What is the remainder when 111472520 is divided by 324?
320
What is the remainder when 262481 is divided by 711?
122
Calculate the remainder when 7054362 is divided by 262.
12
What is the remainder when 10004829 is divided by 820?
9
What is the remainder when 77093 is divided by 1450?
243
What is the remainder when 233226052 is divided by 751?
749
What is the remainder when 2261614 is divided by 5629?
4385
Calculate the remainder when 219505 is divided by 231.
55
What is the remainder when 14750422 is divided by 1475040?
22
What is the remainder when 10602 is divided by 721?
508
What is the remainder when 475550 is divided by 276?
2
Calculate the remainder when 1681497 is divided by 206.
125
Calculate the remainder when 159028 is divided by 156549.
2479
What is the remainder when 6161445 is divided by 1445?
1410
Calculate the remainder when 645369 is divided by 71703.
42
What is the remainder when 211191 is divided by 19188?
123
What is the remainder when 392083887 is divided by 98?
97
What is the remainder when 4235529 is divided by 2117645?
239
Calculate the remainder when 187583 is divided by 3537.
122
Calculate the remainder when 57659 is divided by 14227.
751
Calculate the remainder when 710047 is divided by 384.
31
What is the remainder when 182929497 is divided by 4875?
4872
Calculate the remainder when 1871349 is divided by 1553.
1537
What is the remainder when 789762 is divided by 1003?
401
What is the remainder when 208573 is divided by 632?
13
What is the remainder when 5961262 is divided by 1987087?
1
Calculate the remainder when 133076 is divided by 18805.
1441
What is the remainder when 1883619 is divided by 288?
99
What is the remainder when 1053369 is divided by 526669?
31
Calculate the remainder when 5521800 is divided by 222.
216
What is the remainder when 12906121 is divided by 48?
25
Calculate the remainder when 186012 is divided by 185989.
23
Calculate the remainder when 35009 is divided by 776.
89
Calculate the remainder when 7178798 is divided by 23232.
110
Calculate the remainder when 6201754 is divided by 6201732.
22
Calculate the remainder when 920444 is divided by 284.
0
What is the remainder when 76868383 is divided by 3399?
3397
Calculate the remainder when 18513526 is divided by 19185.
1
What is the remainder when 4456647 is divided by 160?
7
Calculate the remainder when 1564942 is divided by 2898.
22
What is the remainder when 3280210 is divided by 7904?
50
What is the remainder when 176175 is divided by 87805?
565
What is the remainder when 13172036 is divided by 24?
